, 0 = -n - 3*j + 41. Suppose -2*m + 3*m = n. Suppose w = g - 8, -3*g + m = 5*w + 9. List the prime factors of g.
3
Let d(l) = 19*l**2 - 46*l - 246. What are the prime factors of d(-6)?
2, 3, 7, 17
Let l = -154 + 490. Suppose 4*v = 3*u + 336, 5*v - 2*u = v + l. What are the prime factors of v?
2, 3, 7
Let i(d) = d + 0*d + 11 + 18. Suppose -3*h + 11 = 47. What are the prime factors of i(h)?
17
Let u(x) = x**3 + 12*x**2 - 13*x - 1. Let n be u(-12). Let r be n/2 + (-2)/4. Let f = r + -24. List the prime factors of f.
53
Suppose 5*w + 88 = 433. List the prime factors of w.
3, 23
Suppose -u + 3*r + 326 = 49, 0 = 4*u - r - 1064. Suppose 6*g - 473 = u. What are the prime factors of g?
3, 41
Let d(y) = -y**3 + 25*y**2 - 11*y + 53. Let m be d(23). Suppose -20*b = -17*b - m. What are the prime factors of b?
2, 11, 13
Let l be ((-10)/(-8))/((-5)/(-20)). Suppose -l*s - 380 = -9*s. Suppose 0 = -u - 4*f - f + 45, f + s = 5*u. What are the prime factors of u?
2, 5
Let h = 32 + -34. List the prime factors of 48/18 + h/3.
2
What are the prime factors of (-77)/14 + 2/(-4) + 140?
2, 67
Let h be (-3)/3 + 2*96. Let y = -95 + h. What are the prime factors of y?
2, 3
Let u(d) be the second derivative of 43*d**3/6 - d**2/2 - 2*d. Let o be u(2). Suppose 3*j = -7 - 8, t = 5*j + o. What are the prime factors of t?
2, 3, 5
Let x = -31 - -36. Suppose 24 = x*o - 3*o. List the prime factors of o.
2, 3
Let t(q) = q**3 - 9. Let k be t(0). Let g be ((-15 - -5)*(3 - -2))/2. Let o = k - g. What are the prime factors of o?
2
Let y be -7*(-3 + 5) + 0. Let b = y - -37. What are the prime factors of b?
23
Let s(c) be the first derivative of -c**2 + 8*c + 1. What are the prime factors of s(-11)?
2, 3, 5
Suppose -89*j = -84*j - 27210. List the prime factors of j.
2, 3, 907
Let l(k) = -k**3 + 3*k**2 - 6*k - 5. Let c be l(-4). Let z = c + -76. List the prime factors of z.
5, 11
Let y(t) = -t**3 + t + 3. Let d be y(0). Suppose -d*i - 36 = i - 5*g, 8 = -2*g. What are the prime factors of (-438)/i + 10/(-35)?
31
Suppose 3*t + 4*w = 16, 1 = -t + w + 4*w. Suppose -4*c = t*h - 0*c - 8, -18 = -3*h + c. Suppose h = k - 10. List the prime factors of k.
3, 5
Let u be (-1)/(-6) - (-1 - (-89)/(-6)). Suppose 17*g - 157 = u*g. What are the prime factors of g?
157
Suppose 3*m = 5*s - 5, 5*m = 7*m - s + 8. What are the prime factors of 4/8*m/((-10)/116)?
29
List the prime factors of (-17997)/(-42) - (2 + 9/(-6)).
2, 107
Suppose 4*b + 6772 = 4*v, -2*v + 3392 = -17*b + 21*b. What are the prime factors of v?
2, 7, 11
Let o = 340 + -189. Suppose 4*j - 49 - o = 0. List the prime factors of j.
2, 5
Let a be 3/(-18)*22*-6. Let f(c) = 2*c**2 - 9*c. Let w be f(6). Suppose w = v - 3*i + 8*i, -a = -v - 3*i. What are the prime factors of v?
2, 7
Suppose 0 = d + 5*k + 33, 6*k = -d + 7*k - 3. Let x be (-15 + 1)/(8/(-4)). List the prime factors of (0 - -42) + d + x.
41
Suppose -4*h + 3*v + 1684 = 7*v, 0 = -h + 5*v + 403. What are the prime factors of h?
2, 11, 19
Let i(n) = 7*n - 3. Let t(y) = -y**3 - 10*y**2 - 13. Let u be t(-10). Let s = -10 - u. What are the prime factors of i(s)?
2, 3
List the prime factors of 17 - (-385)/(-22) - (-3270)/4.
19, 43
What are the prime factors of (-3)/3*(5 + -36)*6?
2, 3, 31
Suppose -2*a - 13 = -21. Suppose 0 = -a*t + 4*d - 132, -39 - 26 = 2*t - 3*d. Let m = t - -52. List the prime factors of m.
2, 3
Let n be 3 - ((-9)/3)/3. Suppose -n*c = -5*c + 4. List the prime factors of (-12)/(-32)*4*c.
2, 3
Let s(w) = w**3 - 2*w**3 + 3 + 45*w**2 - 41*w**2. Let p be s(4). Suppose p*v + 4*y - 6 = 0, 5*v = y - 3*y + 10. List the prime factors of v.
2
Let a be 3424/7 + 24/(-168). Let m = -154 + a. What are the prime factors of m?
5, 67
Let u be (1208/(-4))/(1/((-1)/2)). Let g be 5 - (-2)/(-2 - 0). Suppose g*b - u = -47. List the prime factors of b.
2, 13
Let y be 132*-2*(-9)/(-24). Let r = y - -166. List the prime factors of r.
67
Suppose 10 = -6*u + 11*u. Suppose 87 + 11 = u*i. What are the prime factors of i?
7
Suppose -3*w + 150 = -6*w. Let a = -26 - w. What are the prime factors of a?
2, 3
Let s(m) = -m**3 - 3*m**2 + 5*m + 9. Let c(v) = 2*v - 9. Let f be c(6). Let t(i) = -2*i + 2. Let r be t(f). What are the prime factors of s(r)?
5
Suppose -3*k + 2200 = -3104. What are the prime factors of k?
2, 13, 17
Suppose -3*z - 4 + 25 = 0. List the prime factors of z + 52 + (-2 - 1*-3).
2, 3, 5
Let q(t) = -t**3 + 10*t**2 + 12*t - 15. List the prime factors of q(8).
11, 19
Suppose 0 = s - 1 - 1. Suppose 2*a - 3*q - 74 = -s*q, 0 = a + 5*q - 37. List the prime factors of a.
37
Let h(f) = -f**3 + 4*f**2 - 2*f - 2. Let j be h(2). Suppose -v - j*g + 1 = -17, v - 3*g + 2 = 0. List the prime factors of ((-6)/v)/(2/(-30)).
3
Let r = -1950 + 1982. What are the prime factors of r?
2
Suppose p + 144 = 2*z - 0*z, -5*z + 346 = p. Let x be (z/(-21))/((-2)/3). Suppose -x*u + 190 = -0*u. List the prime factors of u.
2, 19
Let b be (9/15)/(3/15). Suppose h - 64 = -3*h. Let s = b + h. List the prime factors of s.
19
Suppose w - 3*q = -q + 32, -4*w = -3*q - 128. Let c = -68 - -44. Let a = w + c. List the prime factors of a.
2
Suppose 9*r - 8*r = 2*d + 769, r - 3*d = 768. What are the prime factors of r?
3, 257
Suppose n - 22 = 33. Suppose a + 51 = 2*o, -2*o + a + n = -4*a. What are the prime factors of o?
5
What are the prime factors of (5 + (-4539)/(-9))*15/10?
2, 191
Suppose 160 = 5*s + 3*s. List the prime factors of s.
2, 5
Suppose -w - 2*w + 6 = 0. List the prime factors of 0 + 35 + w + 10/5.
3, 13
Suppose -9*o + 14*o = 50. Suppose 7*w = o*w - 216. List the prime factors of w.
2, 3
Let r = -37 + 179. What are the prime factors of r?
2, 71
Suppose 0 = -44*m + 111559 + 136777. What are the prime factors of m?
2, 17, 83
Let b(i) = -13*i**2 - 20*i - 25. Let s(c) = -3*c**2 - 5*c - 6. Let t(w) = 2*b(w) - 9*s(w). Let l be t(-5). Suppose l*r = 6 + 6. What are the prime factors of r?
3
Let w(t) = 2*t**3 - 7*t**2 + 3*t + 5. Let n be w(4). Suppose -n - 10 = -k. List the prime factors of k.
43
Suppose -17*f = -14*f + 3*r - 1797, 0 = 2*f + 3*r - 1197. List the prime factors of f.
2, 3, 5
Let d(t) = -t**2 - 10*t + 3. Let a be 92/(-10) - 64/80. Let r be d(a). Suppose r*n + 1 = 3*w + 4, w = -4*n + 24. What are the prime factors of n?
5
Let d = 749 - 373. What are the prime factors of d?
2, 47
Let q(h) = h**2 + 58*h - 101. What are the prime factors of q(52)?
3, 1873
Let a be (-8)/6*66/(-4). Suppose -2*f + a = -94. List the prime factors of f.
2, 29
Suppose 0 = -2*r - 4*l - 500 + 8346, -5*r + 19647 = 2*l. List the prime factors of r.
3931
Suppose -82*g + 6235 = -77*g. List the prime factors of g.
29, 43
Let l(t) = t**3 + 5*t**2 - 7*t + 3. Let f(g) be the third derivative of g**4/24 - 7*g**3/3 - 2*g**2. Let c be f(8). List the prime factors of l(c).
3
Let b(k) = -25*k - 4. Let c = -99 + 93. List the prime factors of b(c).
2, 73
Suppose 3*y + 2*f - 6*f - 2021 = 0, 687 = y + 2*f. What are the prime factors of y?
7, 97
Let i = 64 + -106. Let h = i + 131. What are the prime factors of h?
89
Let m(q) = -q**3 + 4*q**2 + 6*q - 5. Let o be m(5). Suppose -4*k - 12 = o, -13 = 2*t - 0*k - 3*k. Let c = t - -17. List the prime factors of c.
2, 3
Let v = -95 + 95. Suppose 9*a - 363 + 30 = v. List the prime factors of a.
37
Let d(x) = 5*x + 3*x**3 - 34 + 16 + 12 - 5*x**2 - 2*x**3. Suppose 10 = -2*q + 4*q. List the prime factors of d(q).
19
Let v = 60 - 54. Suppose 2*c - v*c = -44. List the prime factors of c.
11
Suppose 0 = -0*q - 2*q - 4*g + 212, 294 = 3*q - 2*g. Suppose q = 2*a - 20. List the prime factors of a.
2, 3, 5
Suppose -24*g + 5553 = -6327. List the prime factors of g.
3, 5, 11
Suppose l = -3*k + 20, 2*l = 2*k - 4*k + 20. Let w(s) = s + 7. Let i be w(7). Suppose 3*z - 3*r - 3 = 0, l*z + i = 4*z + 4*r. List the prime factors of z.
2, 3
Suppose -5*c + 3*a = a + 73, -3*a = -2*c - 27. Let b = c + 15. What are the prime factors of (-2 + b)/(6/(-9))?
3
Suppose m - 3*m + 30 = 0. Suppose 6 = 17*o - m*o. Suppose 0 = -o*n - 4*a + 111, -96 = -4*n - 2*a + 52. List the prime factors of n.
37
Let v be (-320)/16*(-3)/((-3)/(-34)). Suppose 10*i - 2*i - v = 0. What are the prime factors of i?
5, 17
Suppose -2*k = -28 + 14. Suppose -k*s + 425 = 82. What are the prime factors of s?
7
Let d = 175 + -123. Let z = 18 - d. What are the prime factors of -1 - (